f 984439634?
9
What is the hundreds digit of 68614005?
0
What is the hundreds digit of 11506465?
4
What is the hundred millions digit of 830396670?
8
What is the hundred thousands digit of 397088173?
0
What is the hundred millions digit of 945069360?
9
What is the millions digit of 980971585?
0
What is the tens digit of 9839517?
1
What is the units digit of 119190893?
3
What is the ten millions digit of 264740304?
6
What is the billions digit of 4107056077?
4
What is the units digit of 359993852?
2
What is the hundred thousands digit of 167315972?
3
What is the tens digit of 84302488?
8
What is the hundred thousands digit of 43452553?
4
What is the thousands digit of 1813219044?
9
What is the hundreds digit of 105232453?
4
What is the ten thousands digit of 21638411?
3
What is the units digit of 165060215?
5
What is the hundred millions digit of 4655427679?
6
What is the units digit of 39100306?
6
What is the hundreds digit of 154429507?
5
What is the ten thousands digit of 204583058?
8
What is the hundreds digit of 51315564?
5
What is the ten millions digit of 90973379?
9
What is the units digit of 130058543?
3
What is the tens digit of 57447598?
9
What is the millions digit of 913479406?
3
What is the millions digit of 871244301?
1
What is the thousands digit of 1126329624?
9
What is the millions digit of 503514511?
3
What is the millions digit of 632676458?
2
What is the billions digit of 2878531241?
2
What is the units digit of 55938818?
8
What is the ten millions digit of 262014120?
6
What is the ten millions digit of 385345649?
8
What is the hundred millions digit of 1255289066?
2
What is the thousands digit of 8393534?
3
What is the millions digit of 180487012?
0
What is the hundred thousands digit of 440574338?
5
What is the millions digit of 268634724?
8
What is the millions digit of 140580532?
0
What is the ten millions digit of 1075210020?
7
What is the hundred millions digit of 1887048341?
8
What is the hundreds digit of 1630235217?
2
What is the units digit of 21103012?
2
What is the hundreds digit of 10884988?
9
What is the units digit of 423301820?
0
What is the thousands digit of 265529695?
9
What is the hundred thousands digit of 2335977131?
9
What is the ten thousands digit of 50473994?
7
What is the ten thousands digit of 9670519?
7
What is the ten thousands digit of 83685311?
8
What is the thousands digit of 40700943?
0
What is the hundreds digit of 6501295253?
2
What is the hundred thousands digit of 391427221?
4
What is the tens digit of 54647838?
3
What is the thousands digit of 140739741?
9
What is the ten millions digit of 52917238?
5
What is the units digit of 1479528144?
4
What is the millions digit of 343773023?
3
What is the units digit of 2880059737?
7
What is the hundreds digit of 887579490?
4
What is the ten thousands digit of 464197672?
9
What is the tens digit of 2937266?
6
What is the hundred thousands digit of 205536438?
5
What is the ten millions digit of 68664777?
6
What is the hundreds digit of 81258284?
2
What is the tens digit of 1485671410?
1
What is the tens digit of 7392670?
7
What is the thousands digit of 350477420?
7
What is the tens digit of 705504079?
7
What is the hundred thousands digit of 27370988?
3
What is the millions digit of 11319874?
1
What is the hundred thousands digit of 14196946?
1
What is the tens digit of 19405131?
3
What is the hundreds digit of 85651825?
8
What is the millions digit of 348476459?
8
What is the ten thousands digit of 112488151?
8
What is the millions digit of 849831128?
9
What is the hundreds digit of 42202929?
9
What is the units digit of 272213719?
9
What is the hundreds digit of 104909315?
3
What is the units digit of 1100478888?
8
What is the hundred millions digit of 194295763?
1
What is the ten millions digit of 2425411752?
2
What is the ten thousands digit of 49178894?
7
What is the tens digit of 49349141?
4
What is the thousands digit of 256385770?
5
What is the tens digit of 454130409?
0
What is the hundred thousands digit of 575517041?
5
What is the ten thousands digit of 53270335?
7
What is the ten thousands digit of 1068198510?
9
What is the thousands digit of 727308914?
8
What is the hundreds digit of 553863150?
1
What is the ten thousands digit of 826808253?
0
What is the hundreds digit of 276834032?
0
What is the ten millions digit of 525875117?
2
What is the ten thousands digit of 14550064?
5
What is the ten thousands digit of 73152890?
5
What is the hundreds digit of 814022292?
2
What is the ten thousands digit of 80540726?
4
What is the units digit of 29728389?
9
What is the ten millions digit of 46271269?
4
What is the ten millions digit of 91678156?
9
What is the ten thousands digit of 25667481?
6
What is the ten millions digit of 177914839?
7
What is the thousands digit of 265869221?
9
What is the hundred millions digit of 1078268681?
0
What is the ten thousands digit of 68739395?
3
What is the hundred thousands digit of 72917440?
9
What is the ten thousands digit of 122029405?
2
What is the tens digit of 1008809541?
4
What is the millions digit of 34070110?
4
What is the thousands digit of 1962078735?
8
What is the thousands digit of 4220245?
0
What is the billions digit of 5295116489?
5
What is the units digit of 95588241?
1
What is the ten millions digit of 425918794?
2
What is the hundreds digit of 46530117?
1
What is the hundreds digit of 7760711241?
2
What is the units digit of 2590582813?
3
What is the millions digit of 19438180?
9
What is the hundreds digit of 65941560?
5
What is the hundred millions digit of 3128641723?
1
What is the hundred thousands digit of 2453215797?
2
What is the units digit of 382832236?
6
What is the hundred millions digit of 674342336?
6
What is the units digit of 357502752?
2
What is the units digit of 379855477?
7
What is the ten millions digit of 499032722?
9
What is the billions digit of 2452029427?
2
What is the hundred thousands digit of 61501126?
5
What is the units digit of 321592642?
2
What is the millions digit of 218752646?
8
What is the thousands digit of 2732838879?
8
What is the units digit of 9446516?
6
What is the millions digit of 914119779?
4
What is the units digit of 116616403?
3
What is the hundreds digit of 100563097?
0
What is the hundred thousands digit of 261393207?
3
What is the hundred millions digit of 115798299?
1
What is the hundred thousands digit of 32027898?
0
What is the tens digit of 34422567?
6
What is the millions digit of 149514040?
9
What is the ten thousands digit of 223538890?
3
What is the hundred millions digit of 177039219?
1
What is the tens digit of 183684872?
7
What is the units digit of 9726248?
8
What is the tens digit of 1678798178?
7
What is the hundred thousands digit of 160065348?
0
What is the ten millions digit of 2126929913?
2
What is the millions digit of 1719418365?
9
What is the hundreds digit of 86121775?
7
What is the hundreds digit of 311310269?
2
What is the ten millions digit of 6473036864?
7
What is the thousands digit of 503668113?
8
What is the billions digit of 1967881464?
1
What is the units digit of 687945647?
7
What is the tens digit of 1030083038?
3
What is the millions digit of 2816251496?
6
What is the hundred thousands digit of 31512746?
5
What is the ten millions digit of 2106108154?
0
What is the hundred thousands digit of 2147828006?
8
What is the millions digit of 328838834?
8
What is the hundreds digit of 10972293?
2
What is the ten millions digit of 182628732?
8
What is the ten millions digit of 101689281?
0
What is the millions digit of 499008962?
9
What is the ten thousands digit of 734011784?
1
What is the millions digit of 2880751491?
0
What is the ten millions digit of 23083491?
2
What is the hundreds digit of 1149965395?
3
What is the tens digit of 1361594720?
2
What is the ten millions digit of 2952081339?
5
What is the hundreds digit of 2695523729?
7
What is the units digit of 9144631?
1
What is the millions digit of 9409735136?
9
What is the ten thousands digit of 1676556001?
5
What is the units digit of 454924609?
9
What is the hundred millions digit of 909273549?
9
What is the ten millions digit of 47397171?
4
What is the tens digit of 195777272?
7
What is the hundred thousands digit of 49103185?
1
What is the th